{"version":"1.0","provider_name":"F\u00e9d\u00e9ration des ordres professionnels de juristes du Canada","provider_url":"https:\/\/nca.legal\/fr\/","author_name":"Bob Linney","author_url":"https:\/\/nca.legal\/fr\/author\/blinney\/","title":"Les op\u00e9rations partielles du bureau reprendront - F\u00e9d\u00e9ration des ordres professionnels de juristes du Canada","type":"rich","width":600,"height":338,"html":"<blockquote class=\"wp-embedded-content\" data-secret=\"7OBcSe6YQB\"><a href=\"https:\/\/nca.legal\/fr\/les-operations-partielles-du-bureau-reprendront\/\">Les op\u00e9rations partielles du bureau reprendront<\/a><\/blockquote><iframe sandbox=\"allow-scripts\" security=\"restricted\" src=\"https:\/\/nca.legal\/fr\/les-operations-partielles-du-bureau-reprendront\/embed\/#?secret=7OBcSe6YQB\" width=\"600\" height=\"338\" title=\"\u00ab\u00a0Les op\u00e9rations partielles du bureau reprendront\u00a0\u00bb &#8212; F\u00e9d\u00e9ration des ordres professionnels de juristes du Canada\" data-secret=\"7OBcSe6YQB\" frameborder=\"0\" marginwidth=\"0\" marginheight=\"0\" scrolling=\"no\" class=\"wp-embedded-content\"><\/iframe><script type=\"text\/javascript\">\n\/* <![CDATA[ *\/\n\/*! This file is auto-generated *\/\n!function(d,l){\"use strict\";l.querySelector&&d.addEventListener&&\"undefined\"!=typeof URL&&(d.wp=d.wp||{},d.wp.receiveEmbedMessage||(d.wp.receiveEmbedMessage=function(e){var t=e.data;if((t||t.secret||t.message||t.value)&&!\/[^a-zA-Z0-9]\/.test(t.secret)){for(var s,r,n,a=l.querySelectorAll('iframe[data-secret=\"'+t.secret+'\"]'),o=l.querySelectorAll('blockquote[data-secret=\"'+t.secret+'\"]'),c=new RegExp(\"^https?:$\",\"i\"),i=0;i<o.length;i++)o[i].style.display=\"none\";for(i=0;i<a.length;i++)s=a[i],e.source===s.contentWindow&&(s.removeAttribute(\"style\"),\"height\"===t.message?(1e3<(r=parseInt(t.value,10))?r=1e3:~~r<200&&(r=200),s.height=r):\"link\"===t.message&&(r=new URL(s.getAttribute(\"src\")),n=new URL(t.value),c.test(n.protocol))&&n.host===r.host&&l.activeElement===s&&(d.top.location.href=t.value))}},d.addEventListener(\"message\",d.wp.receiveEmbedMessage,!1),l.addEventListener(\"DOMContentLoaded\",function(){for(var e,t,s=l.querySelectorAll(\"iframe.wp-embedded-content\"),r=0;r<s.length;r++)(t=(e=s[r]).getAttribute(\"data-secret\"))||(t=Math.random().toString(36).substring(2,12),e.src+=\"#?secret=\"+t,e.setAttribute(\"data-secret\",t)),e.contentWindow.postMessage({message:\"ready\",secret:t},\"*\")},!1)))}(window,document);\n\/\/# sourceURL=https:\/\/nca.legal\/wp-includes\/js\/wp-embed.min.js\n\/* ]]> *\/\n<\/script>\n","description":"Maintenant que le gouvernement provincial a annonc\u00e9 que la plupart des entreprises dans la r\u00e9gion d\u2019Ottawa pourront rouvrir \u00e0 compter du 17 juillet 2020, la F\u00e9d\u00e9ration planifie la r\u00e9ouverture partielle de notre bureau. Le retour des employ\u00e9s essentiels au bureau permettra aux membres de l\u2019\u00e9quipe du CNE de reprendre certaines activit\u00e9s qui \u00e9taient suspendues depuis [&hellip;]"}

Fédération des ordres professionnels de juristes du Canada

Les opérations partielles du bureau reprendront - Fédération des ordres professionnels de juristes du Canada

<blockquote class="wp-embedded-content" data-secret="7OBcSe6YQB"><a href="https://nca.legal/fr/les-operations-partielles-du-bureau-reprendront/">Les opérations partielles du bureau reprendront</a></blockquote><iframe sandbox="allow-scripts" security="restricted" src="https://nca.legal/fr/les-operations-partielles-du-bureau-reprendront/embed/#?secret=7OBcSe6YQB" width="600" height="338" title="« Les opérations partielles du bureau reprendront » &#8212; Fédération des ordres professionnels de juristes du Canada" data-secret="7OBcSe6YQB" frameborder="0" marginwidth="0" marginheight="0" scrolling="no" class="wp-embedded-content"></iframe><script type="text/javascript">
/* <![CDATA[ */
/*! This file is auto-generated */
!function(d,l){"use strict";l.querySelector&&d.addEventListener&&"undefined"!=typeof URL&&(d.wp=d.wp||{},d.wp.receiveEmbedMessage||(d.wp.receiveEmbedMessage=function(e){var t=e.data;if((t||t.secret||t.message||t.value)&&!/[^a-zA-Z0-9]/.test(t.secret)){for(var s,r,n,a=l.querySelectorAll('iframe[data-secret="'+t.secret+'"]'),o=l.querySelectorAll('blockquote[data-secret="'+t.secret+'"]'),c=new RegExp("^https?:$","i"),i=0;i<o.length;i++)o[i].style.display="none";for(i=0;i<a.length;i++)s=a[i],e.source===s.contentWindow&&(s.removeAttribute("style"),"height"===t.message?(1e3<(r=parseInt(t.value,10))?r=1e3:~~r<200&&(r=200),s.height=r):"link"===t.message&&(r=new URL(s.getAttribute("src")),n=new URL(t.value),c.test(n.protocol))&&n.host===r.host&&l.activeElement===s&&(d.top.location.href=t.value))}},d.addEventListener("message",d.wp.receiveEmbedMessage,!1),l.addEventListener("DOMContentLoaded",function(){for(var e,t,s=l.querySelectorAll("iframe.wp-embedded-content"),r=0;r<s.length;r++)(t=(e=s[r]).getAttribute("data-secret"))||(t=Math.random().toString(36).substring(2,12),e.src+="#?secret="+t,e.setAttribute("data-secret",t)),e.contentWindow.postMessage({message:"ready",secret:t},"*")},!1)))}(window,document);
//# sourceURL=https://nca.legal/wp-includes/js/wp-embed.min.js
/* ]]> */
</script>

Maintenant que le gouvernement provincial a annoncé que la plupart des entreprises dans la région d’Ottawa pourront rouvrir à compter du 17 juillet 2020, la Fédération planifie la réouverture partielle de notre bureau. Le retour des employés essentiels au bureau permettra aux membres de l’équipe du CNE de reprendre certaines activités qui étaient suspendues depuis [&hellip;]
