{"version":"1.0","provider_name":"F\u00e9d\u00e9ration des ordres professionnels de juristes du Canada","provider_url":"https:\/\/nca.legal\/fr\/","author_name":"National Committee on Accreditation","author_url":"https:\/\/nca.legal\/fr\/author\/baytek\/","title":"Prolongation de la p\u00e9riode d\u2019inscription des examens - F\u00e9d\u00e9ration des ordres professionnels de juristes du Canada","type":"rich","width":600,"height":338,"html":"<blockquote class=\"wp-embedded-content\" data-secret=\"zhBLpIbOQb\"><a href=\"https:\/\/nca.legal\/fr\/prolongation-de-la-periode-dinscription-des-examens\/\">Prolongation de la p\u00e9riode d\u2019inscription des examens<\/a><\/blockquote><iframe sandbox=\"allow-scripts\" security=\"restricted\" src=\"https:\/\/nca.legal\/fr\/prolongation-de-la-periode-dinscription-des-examens\/embed\/#?secret=zhBLpIbOQb\" width=\"600\" height=\"338\" title=\"\u00ab\u00a0Prolongation de la p\u00e9riode d\u2019inscription des examens\u00a0\u00bb &#8212; F\u00e9d\u00e9ration des ordres professionnels de juristes du Canada\" data-secret=\"zhBLpIbOQb\" frameborder=\"0\" marginwidth=\"0\" marginheight=\"0\" scrolling=\"no\" class=\"wp-embedded-content\"><\/iframe><script type=\"text\/javascript\">\n\/* <![CDATA[ *\/\n\/*! This file is auto-generated *\/\n!function(d,l){\"use strict\";l.querySelector&&d.addEventListener&&\"undefined\"!=typeof URL&&(d.wp=d.wp||{},d.wp.receiveEmbedMessage||(d.wp.receiveEmbedMessage=function(e){var t=e.data;if((t||t.secret||t.message||t.value)&&!\/[^a-zA-Z0-9]\/.test(t.secret)){for(var s,r,n,a=l.querySelectorAll('iframe[data-secret=\"'+t.secret+'\"]'),o=l.querySelectorAll('blockquote[data-secret=\"'+t.secret+'\"]'),c=new RegExp(\"^https?:$\",\"i\"),i=0;i<o.length;i++)o[i].style.display=\"none\";for(i=0;i<a.length;i++)s=a[i],e.source===s.contentWindow&&(s.removeAttribute(\"style\"),\"height\"===t.message?(1e3<(r=parseInt(t.value,10))?r=1e3:~~r<200&&(r=200),s.height=r):\"link\"===t.message&&(r=new URL(s.getAttribute(\"src\")),n=new URL(t.value),c.test(n.protocol))&&n.host===r.host&&l.activeElement===s&&(d.top.location.href=t.value))}},d.addEventListener(\"message\",d.wp.receiveEmbedMessage,!1),l.addEventListener(\"DOMContentLoaded\",function(){for(var e,t,s=l.querySelectorAll(\"iframe.wp-embedded-content\"),r=0;r<s.length;r++)(t=(e=s[r]).getAttribute(\"data-secret\"))||(t=Math.random().toString(36).substring(2,12),e.src+=\"#?secret=\"+t,e.setAttribute(\"data-secret\",t)),e.contentWindow.postMessage({message:\"ready\",secret:t},\"*\")},!1)))}(window,document);\n\/\/# sourceURL=https:\/\/nca.legal\/wp-includes\/js\/wp-embed.min.js\n\/* ]]> *\/\n<\/script>\n","description":"Veuillez noter que la p\u00e9riode d\u2019inscription aux examens du CNE de novembre 2023 a \u00e9t\u00e9 prolong\u00e9e jusqu\u2019au 5 octobre 2023 pour les examens sur le droit p\u00e9nal, le droit des biens, le\u00a0 droit administratif canadien et les d\u00e9lits civils. La date limite d\u2019inscription demeure le 28 septembre 2023 pour les examens sur la responsabilit\u00e9 professionnelle [&hellip;]"}

Fédération des ordres professionnels de juristes du Canada

Prolongation de la période d’inscription des examens - Fédération des ordres professionnels de juristes du Canada

<blockquote class="wp-embedded-content" data-secret="zhBLpIbOQb"><a href="https://nca.legal/fr/prolongation-de-la-periode-dinscription-des-examens/">Prolongation de la période d’inscription des examens</a></blockquote><iframe sandbox="allow-scripts" security="restricted" src="https://nca.legal/fr/prolongation-de-la-periode-dinscription-des-examens/embed/#?secret=zhBLpIbOQb" width="600" height="338" title="« Prolongation de la période d’inscription des examens » &#8212; Fédération des ordres professionnels de juristes du Canada" data-secret="zhBLpIbOQb" frameborder="0" marginwidth="0" marginheight="0" scrolling="no" class="wp-embedded-content"></iframe><script type="text/javascript">
/* <![CDATA[ */
/*! This file is auto-generated */
!function(d,l){"use strict";l.querySelector&&d.addEventListener&&"undefined"!=typeof URL&&(d.wp=d.wp||{},d.wp.receiveEmbedMessage||(d.wp.receiveEmbedMessage=function(e){var t=e.data;if((t||t.secret||t.message||t.value)&&!/[^a-zA-Z0-9]/.test(t.secret)){for(var s,r,n,a=l.querySelectorAll('iframe[data-secret="'+t.secret+'"]'),o=l.querySelectorAll('blockquote[data-secret="'+t.secret+'"]'),c=new RegExp("^https?:$","i"),i=0;i<o.length;i++)o[i].style.display="none";for(i=0;i<a.length;i++)s=a[i],e.source===s.contentWindow&&(s.removeAttribute("style"),"height"===t.message?(1e3<(r=parseInt(t.value,10))?r=1e3:~~r<200&&(r=200),s.height=r):"link"===t.message&&(r=new URL(s.getAttribute("src")),n=new URL(t.value),c.test(n.protocol))&&n.host===r.host&&l.activeElement===s&&(d.top.location.href=t.value))}},d.addEventListener("message",d.wp.receiveEmbedMessage,!1),l.addEventListener("DOMContentLoaded",function(){for(var e,t,s=l.querySelectorAll("iframe.wp-embedded-content"),r=0;r<s.length;r++)(t=(e=s[r]).getAttribute("data-secret"))||(t=Math.random().toString(36).substring(2,12),e.src+="#?secret="+t,e.setAttribute("data-secret",t)),e.contentWindow.postMessage({message:"ready",secret:t},"*")},!1)))}(window,document);
//# sourceURL=https://nca.legal/wp-includes/js/wp-embed.min.js
/* ]]> */
</script>

Veuillez noter que la période d’inscription aux examens du CNE de novembre 2023 a été prolongée jusqu’au 5 octobre 2023 pour les examens sur le droit pénal, le droit des biens, le  droit administratif canadien et les délits civils. La date limite d’inscription demeure le 28 septembre 2023 pour les examens sur la responsabilité professionnelle [&hellip;]
