{"version":"1.0","provider_name":"F\u00e9d\u00e9ration des ordres professionnels de juristes du Canada","provider_url":"https:\/\/nca.legal\/fr\/","author_name":"Bob Linney","author_url":"https:\/\/nca.legal\/fr\/author\/blinney\/","title":"Prolongation du d\u00e9lai d\u2019inscription aux examens de f\u00e9vrier - F\u00e9d\u00e9ration des ordres professionnels de juristes du Canada","type":"rich","width":600,"height":338,"html":"<blockquote class=\"wp-embedded-content\" data-secret=\"tEKZpVUO5W\"><a href=\"https:\/\/nca.legal\/fr\/prolongation-du-delai-dinscription-aux-examens-de-fevrier\/\">Prolongation du d\u00e9lai d\u2019inscription aux examens de f\u00e9vrier<\/a><\/blockquote><iframe sandbox=\"allow-scripts\" security=\"restricted\" src=\"https:\/\/nca.legal\/fr\/prolongation-du-delai-dinscription-aux-examens-de-fevrier\/embed\/#?secret=tEKZpVUO5W\" width=\"600\" height=\"338\" title=\"\u00ab\u00a0Prolongation du d\u00e9lai d\u2019inscription aux examens de f\u00e9vrier\u00a0\u00bb &#8212; F\u00e9d\u00e9ration des ordres professionnels de juristes du Canada\" data-secret=\"tEKZpVUO5W\" frameborder=\"0\" marginwidth=\"0\" marginheight=\"0\" scrolling=\"no\" class=\"wp-embedded-content\"><\/iframe><script type=\"text\/javascript\">\n\/* <![CDATA[ *\/\n\/*! This file is auto-generated *\/\n!function(d,l){\"use strict\";l.querySelector&&d.addEventListener&&\"undefined\"!=typeof URL&&(d.wp=d.wp||{},d.wp.receiveEmbedMessage||(d.wp.receiveEmbedMessage=function(e){var t=e.data;if((t||t.secret||t.message||t.value)&&!\/[^a-zA-Z0-9]\/.test(t.secret)){for(var s,r,n,a=l.querySelectorAll('iframe[data-secret=\"'+t.secret+'\"]'),o=l.querySelectorAll('blockquote[data-secret=\"'+t.secret+'\"]'),c=new RegExp(\"^https?:$\",\"i\"),i=0;i<o.length;i++)o[i].style.display=\"none\";for(i=0;i<a.length;i++)s=a[i],e.source===s.contentWindow&&(s.removeAttribute(\"style\"),\"height\"===t.message?(1e3<(r=parseInt(t.value,10))?r=1e3:~~r<200&&(r=200),s.height=r):\"link\"===t.message&&(r=new URL(s.getAttribute(\"src\")),n=new URL(t.value),c.test(n.protocol))&&n.host===r.host&&l.activeElement===s&&(d.top.location.href=t.value))}},d.addEventListener(\"message\",d.wp.receiveEmbedMessage,!1),l.addEventListener(\"DOMContentLoaded\",function(){for(var e,t,s=l.querySelectorAll(\"iframe.wp-embedded-content\"),r=0;r<s.length;r++)(t=(e=s[r]).getAttribute(\"data-secret\"))||(t=Math.random().toString(36).substring(2,12),e.src+=\"#?secret=\"+t,e.setAttribute(\"data-secret\",t)),e.contentWindow.postMessage({message:\"ready\",secret:t},\"*\")},!1)))}(window,document);\n\/\/# sourceURL=https:\/\/nca.legal\/wp-includes\/js\/wp-embed.min.js\n\/* ]]> *\/\n<\/script>\n","description":"Le d\u00e9lai pour s\u2019inscrire aux examens du CNE offerts durant la session de f\u00e9vrier 2022 est prolong\u00e9 jusqu\u2019au mercredi 5 janvier 2022, \u00e0 23 heures. Ce changement est indiqu\u00e9 dans les renseignements publi\u00e9s sur votre portail du CNE, ainsi que dans le calendrier 2022 des examens du CNE. Ce changement n\u2019a aucune incidence sur les [&hellip;]"}

Fédération des ordres professionnels de juristes du Canada

Prolongation du délai d’inscription aux examens de février - Fédération des ordres professionnels de juristes du Canada

<blockquote class="wp-embedded-content" data-secret="tEKZpVUO5W"><a href="https://nca.legal/fr/prolongation-du-delai-dinscription-aux-examens-de-fevrier/">Prolongation du délai d’inscription aux examens de février</a></blockquote><iframe sandbox="allow-scripts" security="restricted" src="https://nca.legal/fr/prolongation-du-delai-dinscription-aux-examens-de-fevrier/embed/#?secret=tEKZpVUO5W" width="600" height="338" title="« Prolongation du délai d’inscription aux examens de février » &#8212; Fédération des ordres professionnels de juristes du Canada" data-secret="tEKZpVUO5W" frameborder="0" marginwidth="0" marginheight="0" scrolling="no" class="wp-embedded-content"></iframe><script type="text/javascript">
/* <![CDATA[ */
/*! This file is auto-generated */
!function(d,l){"use strict";l.querySelector&&d.addEventListener&&"undefined"!=typeof URL&&(d.wp=d.wp||{},d.wp.receiveEmbedMessage||(d.wp.receiveEmbedMessage=function(e){var t=e.data;if((t||t.secret||t.message||t.value)&&!/[^a-zA-Z0-9]/.test(t.secret)){for(var s,r,n,a=l.querySelectorAll('iframe[data-secret="'+t.secret+'"]'),o=l.querySelectorAll('blockquote[data-secret="'+t.secret+'"]'),c=new RegExp("^https?:$","i"),i=0;i<o.length;i++)o[i].style.display="none";for(i=0;i<a.length;i++)s=a[i],e.source===s.contentWindow&&(s.removeAttribute("style"),"height"===t.message?(1e3<(r=parseInt(t.value,10))?r=1e3:~~r<200&&(r=200),s.height=r):"link"===t.message&&(r=new URL(s.getAttribute("src")),n=new URL(t.value),c.test(n.protocol))&&n.host===r.host&&l.activeElement===s&&(d.top.location.href=t.value))}},d.addEventListener("message",d.wp.receiveEmbedMessage,!1),l.addEventListener("DOMContentLoaded",function(){for(var e,t,s=l.querySelectorAll("iframe.wp-embedded-content"),r=0;r<s.length;r++)(t=(e=s[r]).getAttribute("data-secret"))||(t=Math.random().toString(36).substring(2,12),e.src+="#?secret="+t,e.setAttribute("data-secret",t)),e.contentWindow.postMessage({message:"ready",secret:t},"*")},!1)))}(window,document);
//# sourceURL=https://nca.legal/wp-includes/js/wp-embed.min.js
/* ]]> */
</script>

Le délai pour s’inscrire aux examens du CNE offerts durant la session de février 2022 est prolongé jusqu’au mercredi 5 janvier 2022, à 23 heures. Ce changement est indiqué dans les renseignements publiés sur votre portail du CNE, ainsi que dans le calendrier 2022 des examens du CNE. Ce changement n’a aucune incidence sur les [&hellip;]
